{"id":27437,"date":"2023-01-25T12:06:21","date_gmt":"2023-01-25T12:06:21","guid":{"rendered":"https:\/\/www.mfwa.org\/?post_type=country-highlights&#038;p=27437"},"modified":"2023-01-25T12:35:48","modified_gmt":"2023-01-25T12:35:48","slug":"la-presse-guineenne-beneficie-dun-soutien-logistique-massif-alors-que-les-violations-de-la-liberte-de-la-presse-se-perpetuent","status":"publish","type":"country-highlights","link":"https:\/\/demo.mfwa.org\/fr\/country-highlights\/la-presse-guineenne-beneficie-dun-soutien-logistique-massif-alors-que-les-violations-de-la-liberte-de-la-presse-se-perpetuent\/","title":{"rendered":"La presse guin\u00e9enne b\u00e9n\u00e9ficie d\u2019un soutien logistique massif, alors que les violations de la libert\u00e9 de la presse se perp\u00e9tuent"},"content":{"rendered":"<div>\n<p style=\"text-align: justify;\"><span lang=\"FR\">En 2022, le paysage m\u00e9diatique de la Guin\u00e9e a connu d\u2019importants investissements qui ont contribu\u00e9 au d\u00e9veloppement des m\u00e9dias dans le pays. Au titre des bonnes nouvelles enregistr\u00e9es par les m\u00e9dias figurent la hausse de la subvention annuelle accord\u00e9e par le gouvernement \u00e0 la presse guin\u00e9enne. La manne financi\u00e8re passe de trois \u00e0 six milliards de francs guin\u00e9ens.\u00a0<b><\/b><\/span><\/p>\n<\/div>\n<div style=\"text-align: justify;\">\n<p><span lang=\"FR\">Le gouvernement (la junte militaire au pouvoir depuis le 5 septembre 2021) a \u00e9galement octroy\u00e9 une nouvelle maison de la presse aux journalistes. Il s\u2019agit d\u2019une tr\u00e8s belle villa retir\u00e9e \u00e0 un ancien dignitaire poursuivi pour d\u00e9tournement de deniers publics.\u00a0<\/span><\/p>\n<\/div>\n<div style=\"text-align: justify;\">\n<p><span lang=\"FR\">La m\u00eame junte a aussi dot\u00e9 les journalistes \u00e9voluant dans certaines villes de province de Maisons de presse r\u00e9gionale. <\/span><\/p>\n<\/div>\n<div style=\"text-align: justify;\">\n<p><span lang=\"FR\">Malheureusement, les investissements remarquables r\u00e9alis\u00e9s dans le secteur des m\u00e9dias n\u2019ont pas contribu\u00e9 ou entrainer l\u2019am\u00e9lioration de l\u2019\u00e9tat de la s\u00e9curit\u00e9 des journalistes dans le pays. Bien qu\u2019aucun journaliste n\u2019ait fait l\u2019objet de poursuite judiciaire au cours de l\u2019ann\u00e9e, les attaques en s\u00e9ries contre les journalistes ont \u00e9t\u00e9 enregistr\u00e9es \u00e0 travers le pays.<\/span><\/p>\n<\/div>\n<div style=\"text-align: justify;\">\n<p><span lang=\"FR\">En 12 mois, Le Syndicat des Professionnels de la Presse de Guin\u00e9e a r\u00e9pertori\u00e9 25 attaques perp\u00e9tr\u00e9es contre des journalistes dans l\u2019exercice de leur profession. Conakry, la capitale, est le th\u00e9\u00e2tre de 20 de ces violences contre les journalistes, alors que les cinq attaques restantes ont eu lieu dans les villes de Kankan, la premi\u00e8re capitale r\u00e9gionale situ\u00e9e \u00e0 environ 600 km de Conakry, Kindia et Bok\u00e9, deux des plus grandes villes de Guin\u00e9e.<\/span><\/p>\n<\/div>\n<div style=\"text-align: justify;\">\n<p><span lang=\"FR\">Les hostilit\u00e9s ont d\u00e9but\u00e9 \u00e0 Kindia en mai 2022, ce jour le journaliste Mohamed M\u2019Bemba Cond\u00e9 a \u00e9t\u00e9 pris \u00e0 partie et agress\u00e9 par des gendarmes alors qu\u2019il assurait la couverture m\u00e9diatique d\u2019une casse de maisons suppos\u00e9es appartenir \u00e0 l\u2019\u00c9tat. <\/span><\/p>\n<\/div>\n<div style=\"text-align: justify;\">\n<p><span lang=\"FR\">Au cours du m\u00eame mois, \u00e0 Kankan, deux journalistes ont \u00e9t\u00e9 agress\u00e9s par des agents des forces de maintien de l\u2019ordre. Ces deux journalistes, notamment Cheick Sekou Berthe et Ahmed Sekou Nab\u00e9, ont \u00e9t\u00e9 agress\u00e9s pendant qu\u2019ils couvraient une op\u00e9ration casses de maisons suppos\u00e9es \u00eatre b\u00e2ties sur des parcelles appartenant \u00e0 l\u2019\u00c9tat.\u00a0<\/span><\/p>\n<\/div>\n<div style=\"text-align: justify;\">\n<p><span lang=\"FR\">En juin 2022, un pr\u00e9fet a s\u00e9questr\u00e9 Mamadou Sagnane, journaliste et correspondant du site d\u2019information g\u00e9n\u00e9ral Mosaique.com.<\/span><\/p>\n<\/div>\n<div style=\"text-align: justify;\">\n<p><span lang=\"FR\">Toujours au cours du mois de juin, en pleine \u00e9mission, un politicien, Aboubacar Soumah, s\u2019est jet\u00e9 sur un journaliste, Ahmed Camara, dans le studio de la station Espace FM. L\u2019acte d\u2019agression a perturb\u00e9 l\u2019\u00e9mission \u00e0 grand audimat \u00ab\u00a0Les Grandes Gueules \u00bb. La station de radio a par la suite trimball\u00e9 le politicien en justice. <\/span><\/p>\n<\/div>\n<div style=\"text-align: justify;\">\n<p><span lang=\"FR\">Entre autres Les incidents susmentionn\u00e9s ne sont que quelques-unes des 25 attaques enregistr\u00e9es dans <\/span><span lang=\"EN-US\"><a href=\"https:\/\/laguinee.info\/wp-content\/uploads\/2023\/01\/RAPPORT-SPPG-2022-SUR-LA-LIBERTE-DE-LA-PRESSE-EN-GUINEE.pdf\"><span lang=\"FR\">le rapport national 2022 du Syndicat des professionnels des m\u00e9dias de Guin\u00e9e<\/span><\/a><\/span><span lang=\"FR\">. Malheureusement, la quasi-totalit\u00e9 des auteurs de ces actes ill\u00e9gaux \u00e9taient des agents de l\u2019\u00c9tat. Les autres \u00e9taient des manifestants et l\u2019organe de r\u00e9gulation des m\u00e9dias. Sans surprise, aucun d\u2019entre eux n\u2019a \u00e9t\u00e9 poursuivi pour les crimes commis contre les victimes.<\/span><\/p>\n<\/div>\n<div style=\"text-align: justify;\">\n<p><span lang=\"FR\">La Fondation des M\u00e9dias pour l\u2019Afrique de l\u2019Ouest (MFWA) f\u00e9licite le SPPG pour le rapport. Nous f\u00e9licitons \u00e9galement le gouvernement guin\u00e9en pour les investissements r\u00e9alis\u00e9s dans l\u2019industrie des m\u00e9dias. Toutefois, nous exhortons le gouvernement \u00e0 se pencher de toute urgence sur les violations commises \u00e0 l\u2019encontre des journalistes ainsi que des m\u00e9dias et \u00e0 en traduire les auteurs en justice.<\/span><\/p>\n<\/div>\n<div style=\"text-align: justify;\"><span lang=\"FR\">La MFWA se joint au SPPG en appelant le gouvernement \u00e0 am\u00e9liorer les relations entre les forces de s\u00e9curit\u00e9 de l\u2019\u00c9tat, les journalistes et la population civile dans son ensemble. En outre, nous souscrivons \u00e0 l\u2019appel lanc\u00e9 \u00e0 la Haute Autorit\u00e9 de la Communication (HAC), au pouvoir judiciaire, aux autorit\u00e9s militaires, aux institutions internationales et aux missions diplomatiques en Guin\u00e9e pour \u0153uvrer \u00e0 la consolidation de la libert\u00e9 de la presse.<\/span><\/div>\n","protected":false},"featured_media":27436,"comment_status":"closed","ping_status":"closed","template":"","categories":[256,311],"country":[244],"class_list":["post-27437","country-highlights","type-country-highlights","status-publish","has-post-thumbnail","hentry","category-media-development-fr","category-securite-des-journalistes","country-guinee"],"_links":{"self":[{"href":"https:\/\/demo.mfwa.org\/fr\/wp-json\/wp\/v2\/country-highlights\/27437","targetHints":{"allow":["GET"]}}],"collection":[{"href":"https:\/\/demo.mfwa.org\/fr\/wp-json\/wp\/v2\/country-highlights"}],"about":[{"href":"https:\/\/demo.mfwa.org\/fr\/wp-json\/wp\/v2\/types\/country-highlights"}],"replies":[{"embeddable":true,"href":"https:\/\/demo.mfwa.org\/fr\/wp-json\/wp\/v2\/comments?post=27437"}],"wp:featuredmedia":[{"embeddable":true,"href":"https:\/\/demo.mfwa.org\/fr\/wp-json\/wp\/v2\/media\/27436"}],"wp:attachment":[{"href":"https:\/\/demo.mfwa.org\/fr\/wp-json\/wp\/v2\/media?parent=27437"}],"wp:term":[{"taxonomy":"category","embeddable":true,"href":"https:\/\/demo.mfwa.org\/fr\/wp-json\/wp\/v2\/categories?post=27437"},{"taxonomy":"country","embeddable":true,"href":"https:\/\/demo.mfwa.org\/fr\/wp-json\/wp\/v2\/country?post=27437"}],"curies":[{"name":"wp","href":"https:\/\/api.w.org\/{rel}","templated":true}]}}

La presse guinéenne bénéficie d’un soutien logistique massif, alors que les violations de la liberté de la presse se perpétuent

<div>
<p style="text-align: justify;"><span lang="FR">En 2022, le paysage médiatique de la Guinée a connu d’importants investissements qui ont contribué au développement des médias dans le pays. Au titre des bonnes nouvelles enregistrées par les médias figurent la hausse de la subvention annuelle accordée par le gouvernement à la presse guinéenne. La manne financière passe de trois à six milliards de francs guinéens. <b></b></span></p>
</div>
<div style="text-align: justify;">
<p><span lang="FR">Le gouvernement (la junte militaire au pouvoir depuis le 5 septembre 2021) a également octroyé une nouvelle maison de la presse aux journalistes. Il s’agit d’une très belle villa retirée à un ancien dignitaire poursuivi pour détournement de deniers publics. </span></p>
</div>
<div style="text-align: justify;">
<p><span lang="FR">La même junte a aussi doté les journalistes évoluant dans certaines villes de province de Maisons de presse régionale. </span></p>
</div>
<div style="text-align: justify;">
<p><span lang="FR">Malheureusement, les investissements remarquables réalisés dans le secteur des médias n’ont pas contribué ou entrainer l’amélioration de l’état de la sécurité des journalistes dans le pays. Bien qu’aucun journaliste n’ait fait l’objet de poursuite judiciaire au cours de l’année, les attaques en séries contre les journalistes ont été enregistrées à travers le pays.</span></p>
</div>
<div style="text-align: justify;">
<p><span lang="FR">En 12 mois, Le Syndicat des Professionnels de la Presse de Guinée a répertorié 25 attaques perpétrées contre des journalistes dans l’exercice de leur profession. Conakry, la capitale, est le théâtre de 20 de ces violences contre les journalistes, alors que les cinq attaques restantes ont eu lieu dans les villes de Kankan, la première capitale régionale située à environ 600 km de Conakry, Kindia et Boké, deux des plus grandes villes de Guinée.</span></p>
</div>
<div style="text-align: justify;">
<p><span lang="FR">Les hostilités ont débuté à Kindia en mai 2022, ce jour le journaliste Mohamed M’Bemba Condé a été pris à partie et agressé par des gendarmes alors qu’il assurait la couverture médiatique d’une casse de maisons supposées appartenir à l’État. </span></p>
</div>
<div style="text-align: justify;">
<p><span lang="FR">Au cours du même mois, à Kankan, deux journalistes ont été agressés par des agents des forces de maintien de l’ordre. Ces deux journalistes, notamment Cheick Sekou Berthe et Ahmed Sekou Nabé, ont été agressés pendant qu’ils couvraient une opération casses de maisons supposées être bâties sur des parcelles appartenant à l’État. </span></p>
</div>
<div style="text-align: justify;">
<p><span lang="FR">En juin 2022, un préfet a séquestré Mamadou Sagnane, journaliste et correspondant du site d’information général Mosaique.com.</span></p>
</div>
<div style="text-align: justify;">
<p><span lang="FR">Toujours au cours du mois de juin, en pleine émission, un politicien, Aboubacar Soumah, s’est jeté sur un journaliste, Ahmed Camara, dans le studio de la station Espace FM. L’acte d’agression a perturbé l’émission à grand audimat « Les Grandes Gueules ». La station de radio a par la suite trimballé le politicien en justice. </span></p>
</div>
<div style="text-align: justify;">
<p><span lang="FR">Entre autres Les incidents susmentionnés ne sont que quelques-unes des 25 attaques enregistrées dans </span><span lang="EN-US"><a href="https://laguinee.info/wp-content/uploads/2023/01/RAPPORT-SPPG-2022-SUR-LA-LIBERTE-DE-LA-PRESSE-EN-GUINEE.pdf"><span lang="FR">le rapport national 2022 du Syndicat des professionnels des médias de Guinée</span></a></span><span lang="FR">. Malheureusement, la quasi-totalité des auteurs de ces actes illégaux étaient des agents de l’État. Les autres étaient des manifestants et l’organe de régulation des médias. Sans surprise, aucun d’entre eux n’a été poursuivi pour les crimes commis contre les victimes.</span></p>
</div>
<div style="text-align: justify;">
<p><span lang="FR">La Fondation des Médias pour l’Afrique de l’Ouest (MFWA) félicite le SPPG pour le rapport. Nous félicitons également le gouvernement guinéen pour les investissements réalisés dans l’industrie des médias. Toutefois, nous exhortons le gouvernement à se pencher de toute urgence sur les violations commises à l’encontre des journalistes ainsi que des médias et à en traduire les auteurs en justice.</span></p>
</div>
<div style="text-align: justify;"><span lang="FR">La MFWA se joint au SPPG en appelant le gouvernement à améliorer les relations entre les forces de sécurité de l’État, les journalistes et la population civile dans son ensemble. En outre, nous souscrivons à l’appel lancé à la Haute Autorité de la Communication (HAC), au pouvoir judiciaire, aux autorités militaires, aux institutions internationales et aux missions diplomatiques en Guinée pour œuvrer à la consolidation de la liberté de la presse.</span></div>
