{"id":28408,"date":"2020-02-28T09:42:45","date_gmt":"2020-02-28T09:42:45","guid":{"rendered":"https:\/\/www.mfwa.org\/?post_type=country-highlights&#038;p=28408"},"modified":"2023-06-13T16:52:41","modified_gmt":"2023-06-13T16:52:41","slug":"les-policiers-qui-ont-detenu-arbitrairement-un-journaliste-doivent-etre-sanctionnes","status":"publish","type":"country-highlights","link":"https:\/\/demo.mfwa.org\/fr\/country-highlights\/les-policiers-qui-ont-detenu-arbitrairement-un-journaliste-doivent-etre-sanctionnes\/","title":{"rendered":"Les policiers qui ont d\u00e9tenu arbitrairement un journaliste doivent \u00eatre sanctionn\u00e9s"},"content":{"rendered":"<p style=\"font-weight: 400; text-align: justify;\">La Fondation des M\u00e9dias pour l&#8217;Afrique de l&#8217;Ouest (MFWA) condamne la d\u00e9tention arbitraire du journaliste Mamadou Aliou Diallo par des policiers et appelle les autorit\u00e9s guin\u00e9ennes \u00e0 sanctionner les auteurs.<\/p>\n<p style=\"font-weight: 400; text-align: justify;\">Le 21 f\u00e9vrier 2020, Mamadou Aliou Diallo, qui travaille pour le site d&#8217;information Zone Afrique et Agronews TV, a \u00e9t\u00e9 arr\u00eat\u00e9 par des agents de la Compagnie mobile d&#8217;intervention et de s\u00e9curit\u00e9 (CMIS) \u00e0 Conakry, la capitale guin\u00e9enne.<\/p>\n<p style=\"font-weight: 400; text-align: justify;\">Le journaliste filmait \u00e0 une certaine distance des agents de la police de la route en train d&#8217;extorquer de l&#8217;argent \u00e0 des automobilistes lorsque des agents de la CMIS l&#8217;ont rep\u00e9r\u00e9 et l&#8217;ont arr\u00eat\u00e9. Les agents de s\u00e9curit\u00e9 ont emmen\u00e9 Diallo dans leur bureau \u00e0 Enco 5 o\u00f9 ils l&#8217;ont interrog\u00e9, ont fouill\u00e9 sa cam\u00e9ra et ont effac\u00e9 toutes les images avant de lui restituer son appareil. Ils ont \u00e9galement d\u00e9tenu le journaliste pendant plusieurs heures avant de le rel\u00e2cher.<\/p>\n<p style=\"text-align: justify;\"><span style=\"font-weight: 400;\">La MFWA consid\u00e8re que ces actes commis par la police constituent une violation flagrante des droits du journaliste. Cette op\u00e9ration de police en plein jour n&#8217;\u00e9tait pas cens\u00e9e \u00eatre une affaire priv\u00e9e que le journaliste ne peut pas couvrir. Il s\u2019agissait plut\u00f4t des malversations de la police guin\u00e9enne que le journaliste s&#8217;effor\u00e7ait de d\u00e9noncer. La MFWA appelle donc les autorit\u00e9s guin\u00e9ennes \u00e0 enqu\u00eater sur cet incident et \u00e0 punir les officiers impliqu\u00e9s.<\/span><\/p>\n","protected":false},"featured_media":28409,"comment_status":"closed","ping_status":"closed","template":"","categories":[230,255],"country":[244],"class_list":["post-28408","country-highlights","type-country-highlights","status-publish","has-post-thumbnail","hentry","category-impunity-fr","category-investigative-journalism-fr","country-guinee"],"_links":{"self":[{"href":"https:\/\/demo.mfwa.org\/fr\/wp-json\/wp\/v2\/country-highlights\/28408","targetHints":{"allow":["GET"]}}],"collection":[{"href":"https:\/\/demo.mfwa.org\/fr\/wp-json\/wp\/v2\/country-highlights"}],"about":[{"href":"https:\/\/demo.mfwa.org\/fr\/wp-json\/wp\/v2\/types\/country-highlights"}],"replies":[{"embeddable":true,"href":"https:\/\/demo.mfwa.org\/fr\/wp-json\/wp\/v2\/comments?post=28408"}],"wp:featuredmedia":[{"embeddable":true,"href":"https:\/\/demo.mfwa.org\/fr\/wp-json\/wp\/v2\/media\/28409"}],"wp:attachment":[{"href":"https:\/\/demo.mfwa.org\/fr\/wp-json\/wp\/v2\/media?parent=28408"}],"wp:term":[{"taxonomy":"category","embeddable":true,"href":"https:\/\/demo.mfwa.org\/fr\/wp-json\/wp\/v2\/categories?post=28408"},{"taxonomy":"country","embeddable":true,"href":"https:\/\/demo.mfwa.org\/fr\/wp-json\/wp\/v2\/country?post=28408"}],"curies":[{"name":"wp","href":"https:\/\/api.w.org\/{rel}","templated":true}]}}

Les policiers qui ont détenu arbitrairement un journaliste doivent être sanctionnés

<p style="font-weight: 400; text-align: justify;">La Fondation des Médias pour l&#8217;Afrique de l&#8217;Ouest (MFWA) condamne la détention arbitraire du journaliste Mamadou Aliou Diallo par des policiers et appelle les autorités guinéennes à sanctionner les auteurs.</p>
<p style="font-weight: 400; text-align: justify;">Le 21 février 2020, Mamadou Aliou Diallo, qui travaille pour le site d&#8217;information Zone Afrique et Agronews TV, a été arrêté par des agents de la Compagnie mobile d&#8217;intervention et de sécurité (CMIS) à Conakry, la capitale guinéenne.</p>
<p style="font-weight: 400; text-align: justify;">Le journaliste filmait à une certaine distance des agents de la police de la route en train d&#8217;extorquer de l&#8217;argent à des automobilistes lorsque des agents de la CMIS l&#8217;ont repéré et l&#8217;ont arrêté. Les agents de sécurité ont emmené Diallo dans leur bureau à Enco 5 où ils l&#8217;ont interrogé, ont fouillé sa caméra et ont effacé toutes les images avant de lui restituer son appareil. Ils ont également détenu le journaliste pendant plusieurs heures avant de le relâcher.</p>
<p style="text-align: justify;"><span style="font-weight: 400;">La MFWA considère que ces actes commis par la police constituent une violation flagrante des droits du journaliste. Cette opération de police en plein jour n&#8217;était pas censée être une affaire privée que le journaliste ne peut pas couvrir. Il s’agissait plutôt des malversations de la police guinéenne que le journaliste s&#8217;efforçait de dénoncer. La MFWA appelle donc les autorités guinéennes à enquêter sur cet incident et à punir les officiers impliqués.</span></p>
