{"id":8022,"date":"2016-09-10T09:32:08","date_gmt":"2016-09-10T09:32:08","guid":{"rendered":"http:\/\/www.mfwa.org\/?post_type=country-highlights&#038;p=8022"},"modified":"2016-09-13T09:45:04","modified_gmt":"2016-09-13T09:45:04","slug":"mfwa-organise-un-seminaire-sur-la-cedeao-et-ses-protocoles-au-ghana","status":"publish","type":"country-highlights","link":"https:\/\/demo.mfwa.org\/fr\/country-highlights\/mfwa-organise-un-seminaire-sur-la-cedeao-et-ses-protocoles-au-ghana\/","title":{"rendered":"MFWA organise un S\u00e9minaire sur la CEDEAO et ses Protocoles au Ghana"},"content":{"rendered":"<p class=\"p1\" style=\"text-align: justify;\">La MFWA organisera un s\u00e9minaire d\u2019une journ\u00e9e le Mardi, 13 Septembre 2016 sur la CEDEAO et ses protocoles pour 25 journalistes et \u00e9diteurs influents \u00e0 Accra, au Ghana.<\/p>\n<p class=\"p1\" style=\"text-align: justify;\"><span class=\"s1\">Le s\u00e9minaire a pour objectif de renforcer la connaissance des participants sur la CEDEAO et ses protocoles qui mandatent les Etats membres \u00e0 \u00eatre redevables \u00e0 leurs citoyens. Les capacit\u00e9s des journalistes seront \u00e9galement renforc\u00e9es dans le but de reporter de mani\u00e8re effective sur le protocole de la CEDEAO sur la D\u00e9mocratie et la bonne gouvernance. Le s\u00e9minaire d\u00e9bauchera sur la mise en place d\u2019un R\u00e9seau de journalistes sur la CEDEAO au Ghana.<\/span><\/p>\n<p class=\"p1\" style=\"text-align: justify;\"><span class=\"s1\">Le Ministre-Adjoint du Minist\u00e8re des Affaires Etrang\u00e8res et de l\u2019Int\u00e9gration R\u00e9gionale, M. Emmanuel Bombande est attendu pour donner l\u2019allocution d\u2019ouverture des activit\u00e9s.<\/span><\/p>\n<p class=\"p1\" style=\"text-align: justify;\"><span class=\"s1\">Le s\u00e9minaire d\u2019une journ\u00e9e des m\u00e9dias fait partie des activit\u00e9s du projet de la MFWA d\u00e9nomm\u00e9\u00a0<i>:&#8221;Promotion de la Connaissance des Citoyens sur les Protocoles de la CEDEAO et les Cadres sur la Bonne Gouvernance et la Redistribution Economique\u2019\u2019<\/i>. Le projet est mis en \u0153uvre au Ghana, Sierra Leone, Liberia et Burkina Faso avec le soutien financier d\u2019Ibis Ghana sous leur programme de Gouvernance D\u00e9mocratique en Afrique de l\u2019Ouest (DEGOWA).<\/span><\/p>\n<p class=\"p1\" style=\"text-align: justify;\"><span class=\"s1\">Pour plus d\u2019informations, veuillez visiter notre site web\u00a0: <a href=\"http:\/\/www.mfwa.org\/\"><span class=\"s2\">www.mfwa.org<\/span><\/a> ou contacter Abigail Larbi Odei sur le +233 244867047 ou Edzodzi Ahiadou Kokou sur le +233 247139175.<\/span><\/p>\n","protected":false},"featured_media":7746,"comment_status":"closed","ping_status":"closed","template":"","categories":[295,293],"country":[243],"class_list":["post-8022","country-highlights","type-country-highlights","status-publish","has-post-thumbnail","hentry","category-faits-divers","category-regional-development","country-ghana-fr"],"_links":{"self":[{"href":"https:\/\/demo.mfwa.org\/fr\/wp-json\/wp\/v2\/country-highlights\/8022","targetHints":{"allow":["GET"]}}],"collection":[{"href":"https:\/\/demo.mfwa.org\/fr\/wp-json\/wp\/v2\/country-highlights"}],"about":[{"href":"https:\/\/demo.mfwa.org\/fr\/wp-json\/wp\/v2\/types\/country-highlights"}],"replies":[{"embeddable":true,"href":"https:\/\/demo.mfwa.org\/fr\/wp-json\/wp\/v2\/comments?post=8022"}],"wp:featuredmedia":[{"embeddable":true,"href":"https:\/\/demo.mfwa.org\/fr\/wp-json\/wp\/v2\/media\/7746"}],"wp:attachment":[{"href":"https:\/\/demo.mfwa.org\/fr\/wp-json\/wp\/v2\/media?parent=8022"}],"wp:term":[{"taxonomy":"category","embeddable":true,"href":"https:\/\/demo.mfwa.org\/fr\/wp-json\/wp\/v2\/categories?post=8022"},{"taxonomy":"country","embeddable":true,"href":"https:\/\/demo.mfwa.org\/fr\/wp-json\/wp\/v2\/country?post=8022"}],"curies":[{"name":"wp","href":"https:\/\/api.w.org\/{rel}","templated":true}]}}

MFWA organise un Séminaire sur la CEDEAO et ses Protocoles au Ghana

<p class="p1" style="text-align: justify;">La MFWA organisera un séminaire d’une journée le Mardi, 13 Septembre 2016 sur la CEDEAO et ses protocoles pour 25 journalistes et éditeurs influents à Accra, au Ghana.</p>
<p class="p1" style="text-align: justify;"><span class="s1">Le séminaire a pour objectif de renforcer la connaissance des participants sur la CEDEAO et ses protocoles qui mandatent les Etats membres à être redevables à leurs citoyens. Les capacités des journalistes seront également renforcées dans le but de reporter de manière effective sur le protocole de la CEDEAO sur la Démocratie et la bonne gouvernance. Le séminaire débauchera sur la mise en place d’un Réseau de journalistes sur la CEDEAO au Ghana.</span></p>
<p class="p1" style="text-align: justify;"><span class="s1">Le Ministre-Adjoint du Ministère des Affaires Etrangères et de l’Intégration Régionale, M. Emmanuel Bombande est attendu pour donner l’allocution d’ouverture des activités.</span></p>
<p class="p1" style="text-align: justify;"><span class="s1">Le séminaire d’une journée des médias fait partie des activités du projet de la MFWA dénommé <i>:&#8221;Promotion de la Connaissance des Citoyens sur les Protocoles de la CEDEAO et les Cadres sur la Bonne Gouvernance et la Redistribution Economique’’</i>. Le projet est mis en œuvre au Ghana, Sierra Leone, Liberia et Burkina Faso avec le soutien financier d’Ibis Ghana sous leur programme de Gouvernance Démocratique en Afrique de l’Ouest (DEGOWA).</span></p>
<p class="p1" style="text-align: justify;"><span class="s1">Pour plus d’informations, veuillez visiter notre site web : <a href="http://www.mfwa.org/"><span class="s2">www.mfwa.org</span></a> ou contacter Abigail Larbi Odei sur le +233 244867047 ou Edzodzi Ahiadou Kokou sur le +233 247139175.</span></p>
