{"id":16267,"date":"2019-09-12T22:03:37","date_gmt":"2019-09-12T22:03:37","guid":{"rendered":"http:\/\/www.mfwa.org\/?post_type=issues-in-focus&#038;p=16267"},"modified":"2019-09-12T22:03:37","modified_gmt":"2019-09-12T22:03:37","slug":"la-police-tue-un-manifestant-par-balle-brutalise-deux-journalistes-pour-avoir-couvert-la-repression","status":"publish","type":"issues-in-focus","link":"https:\/\/demo.mfwa.org\/fr\/issues-in-focus\/la-police-tue-un-manifestant-par-balle-brutalise-deux-journalistes-pour-avoir-couvert-la-repression\/","title":{"rendered":"La Police Tue Un Manifestant par Balle, Brutalise Deux Journalistes pour Avoir Couvert  la R\u00e9pression"},"content":{"rendered":"<p style=\"text-align: justify;\">Un manifestant a \u00e9t\u00e9 d\u00e9clar\u00e9e tu\u00e9e par tir de balle par la police durant une violente protestation \u00e0 Uyo, Akwa Ibom State, le 24 Septembre 2019, tandis que deux journalistes couvrant les incidents ont \u00e9t\u00e9 frapp\u00e9s aussi par la police.<\/p>\n<p style=\"text-align: justify;\">Okodi Okodi et Owoidoho Udofia\u00a0qui travaillent pour une station priv\u00e9e de radio; Inspiration FM a Uyo, \u00e9taient en train de couvrir la protestation, ensemble avec leur chauffeur, Mfon Eyibio, lorsqu\u2019ils ont \u00e9t\u00e9 approch\u00e9s par la police. Les journalistes ont diffus\u00e9 en directe sur leur antenne radio et sur Facebook des informations des manifestations qui ont lieu \u00e0 Mbierebe Obio, une communaut\u00e9 locale dans Uyo suite \u00e0 une protestation contre une r\u00e9cente interdiction des motos commerciales.<\/p>\n<p style=\"text-align: justify;\">Inspiration FM, la maison de radio des journalistes, a dit dans une publication sur Facebook que les deux journalistes et le chauffeur de la station furent &#8220;frapp\u00e9s&#8221; par quelques policiers lorsqu\u2019ils couvraient la protestation.<\/p>\n<p style=\"text-align: justify;\">Apr\u00e8s la couverture de la protestation, je revenais vers notre v\u00e9hicule pour pourvoir rentrer au bureau et faire mon reportage, ils nous ont abord\u00e9s et \u00a0amen\u00e9s en d\u00e9pit du fait que nous nous sommes identifi\u00e9s comme des journalistes\u2019\u2019 a dit Okodi \u00e0 PREMIUM TIMES.<\/p>\n<p style=\"text-align: justify;\">&#8220;Ils nous ont demand\u00e9 de retirer nos chemises et forcer de nous enrouler en avant et en arri\u00e8re par terre&#8221;, a dit le journaliste de leur calvaire au poste de police.<\/p>\n<p style=\"text-align: justify;\">Il a dit que les policiers n\u2019ont pas cess\u00e9 de leur frapper au poste de police, en d\u00e9pit du fait qu\u2019ils ont continu\u00e9 \u00e0 s\u2019identifier comme journalistes, jusqu\u2019\u00e0 ce que Okodio McDon, le Charg\u00e9 de Relations Publiques de la Police qu\u2019ils avaient interview\u00e9 durant leur couverture des protestations est arriv\u00e9 pour leur d\u00e9livrer de leurs mains.<\/p>\n<p style=\"text-align: justify;\">&#8220;Je veux une excuse officielle de la police. Je veux aussi que ces policiers qui nous ont attaqu\u00e9 soient punis pour \u00e7a&#8221;, a insist\u00e9 Okodi.<\/p>\n<p style=\"text-align: justify;\">Malgr\u00e9 la nature violente rapport\u00e9e de la manifestation, la MFWA condamne la r\u00e9pression l\u00e9tale qui a cout\u00e9 la vie \u00e0 une personne et les attaques sur les journalistes pour avoir report\u00e9 sur les brutalit\u00e9s polici\u00e8res. Nous lan\u00e7ons un appel \u00e0 l\u2019Etat et aux autorit\u00e9s de la police f\u00e9d\u00e9rale \u00e0 investiguer proprement les incidents et s\u2019assurer que les policiers fautifs soient punis selon la loi.<\/p>\n","protected":false},"author":6,"featured_media":13934,"comment_status":"closed","ping_status":"closed","template":"","categories":[254,311],"tags":[],"country":[243],"class_list":["post-16267","issues-in-focus","type-issues-in-focus","status-publish","has-post-thumbnail","hentry","category-free-expression-violations-fr","category-securite-des-journalistes","country-ghana-fr"],"_links":{"self":[{"href":"https:\/\/demo.mfwa.org\/fr\/wp-json\/wp\/v2\/issues-in-focus\/16267","targetHints":{"allow":["GET"]}}],"collection":[{"href":"https:\/\/demo.mfwa.org\/fr\/wp-json\/wp\/v2\/issues-in-focus"}],"about":[{"href":"https:\/\/demo.mfwa.org\/fr\/wp-json\/wp\/v2\/types\/issues-in-focus"}],"author":[{"embeddable":true,"href":"https:\/\/demo.mfwa.org\/fr\/wp-json\/wp\/v2\/users\/6"}],"replies":[{"embeddable":true,"href":"https:\/\/demo.mfwa.org\/fr\/wp-json\/wp\/v2\/comments?post=16267"}],"wp:featuredmedia":[{"embeddable":true,"href":"https:\/\/demo.mfwa.org\/fr\/wp-json\/wp\/v2\/media\/13934"}],"wp:attachment":[{"href":"https:\/\/demo.mfwa.org\/fr\/wp-json\/wp\/v2\/media?parent=16267"}],"wp:term":[{"taxonomy":"category","embeddable":true,"href":"https:\/\/demo.mfwa.org\/fr\/wp-json\/wp\/v2\/categories?post=16267"},{"taxonomy":"post_tag","embeddable":true,"href":"https:\/\/demo.mfwa.org\/fr\/wp-json\/wp\/v2\/tags?post=16267"},{"taxonomy":"country","embeddable":true,"href":"https:\/\/demo.mfwa.org\/fr\/wp-json\/wp\/v2\/country?post=16267"}],"curies":[{"name":"wp","href":"https:\/\/api.w.org\/{rel}","templated":true}]}}

La Police Tue Un Manifestant par Balle, Brutalise Deux Journalistes pour Avoir Couvert  la Répression

<p style="text-align: justify;">Un manifestant a été déclarée tuée par tir de balle par la police durant une violente protestation à Uyo, Akwa Ibom State, le 24 Septembre 2019, tandis que deux journalistes couvrant les incidents ont été frappés aussi par la police.</p>
<p style="text-align: justify;">Okodi Okodi et Owoidoho Udofia qui travaillent pour une station privée de radio; Inspiration FM a Uyo, étaient en train de couvrir la protestation, ensemble avec leur chauffeur, Mfon Eyibio, lorsqu’ils ont été approchés par la police. Les journalistes ont diffusé en directe sur leur antenne radio et sur Facebook des informations des manifestations qui ont lieu à Mbierebe Obio, une communauté locale dans Uyo suite à une protestation contre une récente interdiction des motos commerciales.</p>
<p style="text-align: justify;">Inspiration FM, la maison de radio des journalistes, a dit dans une publication sur Facebook que les deux journalistes et le chauffeur de la station furent &#8220;frappés&#8221; par quelques policiers lorsqu’ils couvraient la protestation.</p>
<p style="text-align: justify;">Après la couverture de la protestation, je revenais vers notre véhicule pour pourvoir rentrer au bureau et faire mon reportage, ils nous ont abordés et  amenés en dépit du fait que nous nous sommes identifiés comme des journalistes’’ a dit Okodi à PREMIUM TIMES.</p>
<p style="text-align: justify;">&#8220;Ils nous ont demandé de retirer nos chemises et forcer de nous enrouler en avant et en arrière par terre&#8221;, a dit le journaliste de leur calvaire au poste de police.</p>
<p style="text-align: justify;">Il a dit que les policiers n’ont pas cessé de leur frapper au poste de police, en dépit du fait qu’ils ont continué à s’identifier comme journalistes, jusqu’à ce que Okodio McDon, le Chargé de Relations Publiques de la Police qu’ils avaient interviewé durant leur couverture des protestations est arrivé pour leur délivrer de leurs mains.</p>
<p style="text-align: justify;">&#8220;Je veux une excuse officielle de la police. Je veux aussi que ces policiers qui nous ont attaqué soient punis pour ça&#8221;, a insisté Okodi.</p>
<p style="text-align: justify;">Malgré la nature violente rapportée de la manifestation, la MFWA condamne la répression létale qui a couté la vie à une personne et les attaques sur les journalistes pour avoir reporté sur les brutalités policières. Nous lançons un appel à l’Etat et aux autorités de la police fédérale à investiguer proprement les incidents et s’assurer que les policiers fautifs soient punis selon la loi.</p>
