{"id":26533,"date":"2022-04-25T15:40:55","date_gmt":"2022-04-25T15:40:55","guid":{"rendered":"https:\/\/www.mfwa.org\/?post_type=issues-in-focus&#038;p=26533"},"modified":"2022-04-25T15:40:55","modified_gmt":"2022-04-25T15:40:55","slug":"un-journaliste-menace-pour-avoir-enquete-sur-une-affaire-de-trafic-detres-humains-et-un-autre-accorde-la-protection-contre-un-assassinat-planifie","status":"publish","type":"issues-in-focus","link":"https:\/\/demo.mfwa.org\/fr\/issues-in-focus\/un-journaliste-menace-pour-avoir-enquete-sur-une-affaire-de-trafic-detres-humains-et-un-autre-accorde-la-protection-contre-un-assassinat-planifie\/","title":{"rendered":"Un journaliste menac\u00e9 pour avoir enqu\u00eat\u00e9 sur une affaire de trafic d\u2019\u00eatres humains et un autre accord\u00e9 la protection contre un assassinat planifi\u00e9"},"content":{"rendered":"<p style=\"text-align: justify;\">La Fondation des M\u00e9dias pour l&#8217;Afrique de l&#8217;Ouest (MFWA) exige des enqu\u00eates approfondies sur les pr\u00e9sum\u00e9es menaces prof\u00e9r\u00e9es contre le r\u00e9dacteur en chef <em>d&#8217;EyewitnessMedia<\/em>, Adewale Adetoyese, ainsi que sur l\u2019assassinat planifi\u00e9 d&#8217;Oloye Ayodele Samuel, \u00e9diteur \u00e0 <em>Taraba Truth and Facts.<\/em><\/p>\n<p style=\"text-align: justify;\">Adetoyese, r\u00e9dacteur en chef de la plateforme d&#8217;information en ligne <em>EyewitnessMedia<\/em>, a commenc\u00e9 \u00e0 recevoir des appels de menaces de mort, la plupart provenant de num\u00e9ros inconnus, depuis le d\u00e9but du mois d\u2019avril apr\u00e8s avoir publi\u00e9 des articles d&#8217;investigation sur le trafic d&#8217;enfants dans l&#8217;\u00c9tat d&#8217;Osun, au Nigeria.<\/p>\n<p style=\"text-align: justify;\">&#8220;Je travaille sur un reportage d&#8217;investigation sur les gangs qui assujettissent des adolescentes de la Middle Belt, au sud du Nigeria \u00e0 la prostitution. Mais au d\u00e9but du mois d&#8217;avril, j&#8217;ai commenc\u00e9 \u00e0 recevoir des appels de num\u00e9ros inconnus me demandant d&#8217;abandonner le reportage au risque d\u2019en subir les cons\u00e9quences&#8221;, a d\u00e9clar\u00e9 Adetoyese \u00e0 la MFWA.<\/p>\n<p style=\"text-align: justify;\">Le journaliste, qui est bas\u00e9 \u00e0 Ile-Ife, une ville historique de l&#8217;\u00c9tat d&#8217;Osun, dans le sud-ouest du Nigeria, a d\u00e9clar\u00e9 qu&#8217;il recevait ces appels de menace presque tous les jours.<\/p>\n<p style=\"text-align: justify;\">&#8220;Ils m&#8217;appellent g\u00e9n\u00e9ralement avec des num\u00e9ros inconnus, ils appellent tous les jours. Certaines semaines, je ne re\u00e7ois aucun appel, puis une autre semaine, les appels recommencent&#8221;, a-t-il d\u00e9clar\u00e9.<\/p>\n<p style=\"text-align: justify;\">Dans l&#8217;un des appels, un homme qui s\u2019est tout simplement pr\u00e9sent\u00e9 comme &#8220;Chef&#8221;, a litt\u00e9ralement ordonn\u00e9 \u00e0 Adetoyese de ne jamais \u00e9crire le rapport ou il regretterait de l&#8217;avoir fait.<\/p>\n<p style=\"text-align: justify;\">Le journal <em>EyewitnessMedia<\/em> a publi\u00e9 une d\u00e9claration \u00e0 la mi-avril 2022 pour condamner les menaces contre Adetoyese et demander aux agences de s\u00e9curit\u00e9 de prendre des mesures.<\/p>\n<p style=\"text-align: justify;\">Le journaliste a d\u00e9clar\u00e9 \u00e0 la MFWA qu&#8217;il n&#8217;avait pas encore d\u00e9pos\u00e9 de plainte officielle aupr\u00e8s de la police.<\/p>\n<p style=\"text-align: justify;\">Aussi, nous f\u00e9licitons les autorit\u00e9s de l&#8217;\u00c9tat de Taraba pour avoir assur\u00e9 la s\u00e9curit\u00e9 d&#8217;Oloye Ayodele Samuel, \u00e9diteur du journal <em>Taraba Truth and Facts<\/em>, suite \u00e0 des informations faisant \u00e9tat d&#8217;un projet d&#8217;assassinat contre le journaliste. La direction du journal a lanc\u00e9 une alerte sur un pr\u00e9tendu complot de certains politiciens visant \u00e0 kidnapper et \u00e0 assassiner son \u00e9diteur en raison de certaines publications critiques.<\/p>\n<p style=\"text-align: justify;\">&#8220;Ce complot est coordonn\u00e9 par un d\u00e9put\u00e9 f\u00e9d\u00e9ral en exercice et certains de ses acolytes qui se sont sentis perturb\u00e9s par les reportages du journal ces derniers temps&#8221;, a d\u00e9clar\u00e9 le journal, citant &#8220;une source hautement cr\u00e9dible&#8221;.<\/p>\n<p style=\"text-align: justify;\">Cependant, lors d&#8217;une conversation t\u00e9l\u00e9phonique avec Ayodele, l&#8217;\u00e9diteur a d\u00e9clar\u00e9 que les autorit\u00e9s lui ont depuis fourni du personnel de s\u00e9curit\u00e9 pour le prot\u00e9ger.<\/p>\n<p style=\"text-align: justify;\">&#8220;Les agents de s\u00e9curit\u00e9 m&#8217;ont fourni une s\u00e9curit\u00e9 \u00e0 mon bureau et chaque fois que je vais dans des zones o\u00f9 je ne me sens pas suffisamment en s\u00e9curit\u00e9 pour y aller seul\u2019\u2019, a d\u00e9clar\u00e9 Ayodele \u00e0 la MFWA.\u00a0 Il a ajout\u00e9 qu&#8217;il poss\u00e8de \u00e9galement une station de radio priv\u00e9e, Rock FM 92.3, et qu&#8217;il y est \u00e9galement prot\u00e9g\u00e9.<\/p>\n<p style=\"text-align: justify;\">Le Nigeria est devenu l&#8217;un des pays d&#8217;Afrique de l&#8217;Ouest les plus dangereux et les plus difficiles pour les journalistes, qui sont souvent surveill\u00e9s, attaqu\u00e9s, arr\u00eat\u00e9s arbitrairement et m\u00eame tu\u00e9s pour avoir fait leur travail.<\/p>\n<p style=\"text-align: justify;\">Ces derniers temps, de nombreux journalistes nig\u00e9rians ont d\u00e9clar\u00e9 avoir \u00e9t\u00e9 harcel\u00e9s, attaqu\u00e9s, arr\u00eat\u00e9s et kidnapp\u00e9s par des malfrats. Certains, craignant pour leur vie, ont fui \u00e0 l&#8217;\u00e9tranger. Souvent, aucune enqu\u00eate s\u00e9rieuse n&#8217;a \u00e9t\u00e9 men\u00e9e pour identifier les auteurs de ces violations.<\/p>\n<p style=\"text-align: justify;\">La MFWA est profond\u00e9ment pr\u00e9occup\u00e9e par la s\u00e9curit\u00e9 d&#8217;Adetoyese et d&#8217;Ayodele et demande instamment aux autorit\u00e9s de continuer \u00e0 enqu\u00eater sur les menaces qui p\u00e8sent sur les deux journalistes afin de traduire les auteurs en justice.<\/p>\n","protected":false},"author":6,"featured_media":25351,"comment_status":"closed","ping_status":"closed","template":"","categories":[311],"tags":[],"country":[250],"class_list":["post-26533","issues-in-focus","type-issues-in-focus","status-publish","has-post-thumbnail","hentry","category-securite-des-journalistes","country-nigeria-fr"],"_links":{"self":[{"href":"https:\/\/demo.mfwa.org\/fr\/wp-json\/wp\/v2\/issues-in-focus\/26533","targetHints":{"allow":["GET"]}}],"collection":[{"href":"https:\/\/demo.mfwa.org\/fr\/wp-json\/wp\/v2\/issues-in-focus"}],"about":[{"href":"https:\/\/demo.mfwa.org\/fr\/wp-json\/wp\/v2\/types\/issues-in-focus"}],"author":[{"embeddable":true,"href":"https:\/\/demo.mfwa.org\/fr\/wp-json\/wp\/v2\/users\/6"}],"replies":[{"embeddable":true,"href":"https:\/\/demo.mfwa.org\/fr\/wp-json\/wp\/v2\/comments?post=26533"}],"wp:featuredmedia":[{"embeddable":true,"href":"https:\/\/demo.mfwa.org\/fr\/wp-json\/wp\/v2\/media\/25351"}],"wp:attachment":[{"href":"https:\/\/demo.mfwa.org\/fr\/wp-json\/wp\/v2\/media?parent=26533"}],"wp:term":[{"taxonomy":"category","embeddable":true,"href":"https:\/\/demo.mfwa.org\/fr\/wp-json\/wp\/v2\/categories?post=26533"},{"taxonomy":"post_tag","embeddable":true,"href":"https:\/\/demo.mfwa.org\/fr\/wp-json\/wp\/v2\/tags?post=26533"},{"taxonomy":"country","embeddable":true,"href":"https:\/\/demo.mfwa.org\/fr\/wp-json\/wp\/v2\/country?post=26533"}],"curies":[{"name":"wp","href":"https:\/\/api.w.org\/{rel}","templated":true}]}}

Un journaliste menacé pour avoir enquêté sur une affaire de trafic d’êtres humains et un autre accordé la protection contre un assassinat planifié

<p style="text-align: justify;">La Fondation des Médias pour l&#8217;Afrique de l&#8217;Ouest (MFWA) exige des enquêtes approfondies sur les présumées menaces proférées contre le rédacteur en chef <em>d&#8217;EyewitnessMedia</em>, Adewale Adetoyese, ainsi que sur l’assassinat planifié d&#8217;Oloye Ayodele Samuel, éditeur à <em>Taraba Truth and Facts.</em></p>
<p style="text-align: justify;">Adetoyese, rédacteur en chef de la plateforme d&#8217;information en ligne <em>EyewitnessMedia</em>, a commencé à recevoir des appels de menaces de mort, la plupart provenant de numéros inconnus, depuis le début du mois d’avril après avoir publié des articles d&#8217;investigation sur le trafic d&#8217;enfants dans l&#8217;État d&#8217;Osun, au Nigeria.</p>
<p style="text-align: justify;">&#8220;Je travaille sur un reportage d&#8217;investigation sur les gangs qui assujettissent des adolescentes de la Middle Belt, au sud du Nigeria à la prostitution. Mais au début du mois d&#8217;avril, j&#8217;ai commencé à recevoir des appels de numéros inconnus me demandant d&#8217;abandonner le reportage au risque d’en subir les conséquences&#8221;, a déclaré Adetoyese à la MFWA.</p>
<p style="text-align: justify;">Le journaliste, qui est basé à Ile-Ife, une ville historique de l&#8217;État d&#8217;Osun, dans le sud-ouest du Nigeria, a déclaré qu&#8217;il recevait ces appels de menace presque tous les jours.</p>
<p style="text-align: justify;">&#8220;Ils m&#8217;appellent généralement avec des numéros inconnus, ils appellent tous les jours. Certaines semaines, je ne reçois aucun appel, puis une autre semaine, les appels recommencent&#8221;, a-t-il déclaré.</p>
<p style="text-align: justify;">Dans l&#8217;un des appels, un homme qui s’est tout simplement présenté comme &#8220;Chef&#8221;, a littéralement ordonné à Adetoyese de ne jamais écrire le rapport ou il regretterait de l&#8217;avoir fait.</p>
<p style="text-align: justify;">Le journal <em>EyewitnessMedia</em> a publié une déclaration à la mi-avril 2022 pour condamner les menaces contre Adetoyese et demander aux agences de sécurité de prendre des mesures.</p>
<p style="text-align: justify;">Le journaliste a déclaré à la MFWA qu&#8217;il n&#8217;avait pas encore déposé de plainte officielle auprès de la police.</p>
<p style="text-align: justify;">Aussi, nous félicitons les autorités de l&#8217;État de Taraba pour avoir assuré la sécurité d&#8217;Oloye Ayodele Samuel, éditeur du journal <em>Taraba Truth and Facts</em>, suite à des informations faisant état d&#8217;un projet d&#8217;assassinat contre le journaliste. La direction du journal a lancé une alerte sur un prétendu complot de certains politiciens visant à kidnapper et à assassiner son éditeur en raison de certaines publications critiques.</p>
<p style="text-align: justify;">&#8220;Ce complot est coordonné par un député fédéral en exercice et certains de ses acolytes qui se sont sentis perturbés par les reportages du journal ces derniers temps&#8221;, a déclaré le journal, citant &#8220;une source hautement crédible&#8221;.</p>
<p style="text-align: justify;">Cependant, lors d&#8217;une conversation téléphonique avec Ayodele, l&#8217;éditeur a déclaré que les autorités lui ont depuis fourni du personnel de sécurité pour le protéger.</p>
<p style="text-align: justify;">&#8220;Les agents de sécurité m&#8217;ont fourni une sécurité à mon bureau et chaque fois que je vais dans des zones où je ne me sens pas suffisamment en sécurité pour y aller seul’’, a déclaré Ayodele à la MFWA.  Il a ajouté qu&#8217;il possède également une station de radio privée, Rock FM 92.3, et qu&#8217;il y est également protégé.</p>
<p style="text-align: justify;">Le Nigeria est devenu l&#8217;un des pays d&#8217;Afrique de l&#8217;Ouest les plus dangereux et les plus difficiles pour les journalistes, qui sont souvent surveillés, attaqués, arrêtés arbitrairement et même tués pour avoir fait leur travail.</p>
<p style="text-align: justify;">Ces derniers temps, de nombreux journalistes nigérians ont déclaré avoir été harcelés, attaqués, arrêtés et kidnappés par des malfrats. Certains, craignant pour leur vie, ont fui à l&#8217;étranger. Souvent, aucune enquête sérieuse n&#8217;a été menée pour identifier les auteurs de ces violations.</p>
<p style="text-align: justify;">La MFWA est profondément préoccupée par la sécurité d&#8217;Adetoyese et d&#8217;Ayodele et demande instamment aux autorités de continuer à enquêter sur les menaces qui pèsent sur les deux journalistes afin de traduire les auteurs en justice.</p>
